it of w?
2
Suppose -76*b - 4*g = -74*b - 700, -1054 = -3*b - 4*g. Let i = 1 + 2. Suppose i*o - b = -0*o. What is the units digit of o?
8
What is the tens digit of 11596 - (-3 - 9 - -13)?
9
Let h(u) = -5*u**2 - 15*u + 26. Let b(x) = -15*x**2 - 45*x + 77. Let k(d) = -4*b(d) + 11*h(d). What is the units digit of k(-10)?
8
Let k(l) = 127*l**3 - 6*l**2 - 3*l + 4. Let p = 79 - 75. Let t(z) = z**3 + z**2 + z - 1. Let d(q) = p*t(q) + k(q). What is the tens digit of d(1)?
3
Let a(d) = d + 37. Let f be a(27). Suppose 260 = 66*k - f*k. Suppose 5*s - 220 - k = 0. What is the units digit of s?
0
Let d be 7 - 1/((-7)/4620). Let m = 1242 - d. What is the tens digit of m?
7
Suppose 0 = 31*u - 169654 - 854462. What is the ten thousands digit of u?
3
Let n = -57 - -61. Suppose 2*p + 2*p - 5*y = 2883, 5*p - 3606 = n*y. What is the tens digit of p?
2
Let t(n) be the second derivative of 5*n**4/12 + n**3/6 + n**2 - 199*n + 2. Suppose -3*x - 6 = a + 5, -5*a - 3*x - 19 = 0. What is the units digit of t(a)?
0
Let g = -4669 + 10588. What is the tens digit of g?
1
Suppose -m - 4 = -8. Suppose -5*k - 18 = -m*y, -y - k + 0*k = -9. Suppose -y*u + 25 + 1088 = 0. What is the tens digit of u?
5
Let q(x) = -x**3 - 85*x**2 + 109*x - 1082. What is the tens digit of q(-89)?
0
Let c be -5*((-265)/(-25) + 10). Suppose 4*n + 748 = 5*d, -5*n - 4*d = 584 + 392. Let q = c - n. What is the tens digit of q?
8
Let o be 1500/6 + (-30)/(-6). Let i = o + 946. What is the units digit of i?
1
Suppose q = -4*c + 2, 4*c - 6*c + 3*q = -8. Let z be (2 - (-3 + 4))/(c/3). What is the hundreds digit of 1 - -1 - (-106 + z)?
1
Let i(n) = n**3 - 67*n**2 + 65*n + 486. What is the units digit of i(72)?
6
Let p = -197 - -375. Let k = 30 + p. Suppose k + 240 = 2*b. What is the hundreds digit of b?
2
Let o = 47888 + -20198. What is the units digit of o?
0
Let c = 202 + -340. Let b = -94 - c. Let s = b + -40. What is the units digit of s?
4
Let n be 692 + 6 + (-49)/(-7). Suppose -n + 201 = -7*u. What is the units digit of u?
2
Let d(t) = -2*t**3 + 68*t**2 + 229*t. What is the units digit of d(25)?
5
Suppose 0 = 13*a - 0*a - 19053 - 32505. What is the hundreds digit of a?
9
What is the thousands digit of 12 - (17 + -9) - -7361?
7
Let o(c) = -22*c - 44*c - 15*c + 32 - 28*c - 4*c. What is the units digit of o(-5)?
7
Let h = -8692 - -12858. What is the thousands digit of h?
4
Suppose 0 = 2*t - 14, 0 = -128*f + 123*f + 4*t + 143137. What is the tens digit of f?
3
Let k = 24440 - 14727. What is the hundreds digit of k?
7
Let x(v) be the first derivative of 3*v**3 + 19*v**2/2 - 12*v - 28. What is the units digit of x(7)?
2
Suppose -21*h - 178444 = -49*h. What is the units digit of h?
3
Suppose -32548 = 5661*c - 5665*c. What is the thousands digit of c?
8
Suppose -15*i = -10*i - 7395. Suppose 1174 = 7*h - i. What is the hundreds digit of h?
3
Let u = 102 - 98. Suppose -u*a + 1468 = -4*k + 2*k, 3*a + 4*k = 1101. What is the hundreds digit of a?
3
Let r = 88 - 90. Let w = r + 7. Suppose x = 2*q - 0*x - 463, -2*q + 443 = -w*x. What is the units digit of q?
4
Let h = 489 - -3569. What is the tens digit of h?
5
Let v(n) = -30*n + 99. What is the hundreds digit of v(-52)?
6
Suppose -8 = -0*h - 4*h, 8 = -f - 3*h. What is the hundreds digit of (f + -15)/(1 - 60/58)?
8
Let a = -148 + 156. Suppose a*w + 8*w = 1952. What is the hundreds digit of w?
1
Let q(o) = o**3 - 8*o**2 + 16*o + 7. Let r be q(5). Let w be (((-1698)/4)/(-3))/(r/24). Suppose -25 = -4*m + w. What is the units digit of m?
7
Let r = -83 - -88. Suppose 2*j - g - 166 = 0, j + r*g + 0*g - 61 = 0. Let k = j + 33. What is the tens digit of k?
1
What is the units digit of 0 + 3*(26288/12 + -6)?
4
Let q(b) = -241*b + 207*b + 72*b**2 + 1 + 3. What is the hundreds digit of q(-3)?
7
Suppose -2*m = -0*m - 3*i + 9, -3*m + 3 = i. Suppose -p - 2*p + h = -14, 4*h = p - 12. Suppose 0*f + p*f - 624 = m. What is the hundreds digit of f?
1
Let l be 42/35*5730/9. Let j = 1198 - l. What is the units digit of j?
4
Suppose 20236 - 52984 = -6*r. What is the tens digit of r?
5
Let t be (-4)/8 + 206/4. Suppose 21*p - 12 = t. What is the units digit of p?
3
Let x = 2691 + -3163. Suppose -2 = -5*l + 3*l. What is the tens digit of (l/(-4))/(2/x)?
5
Let d(k) = -6*k - 10. Let v be d(13). What is the tens digit of (-85 - v)/((-1)/(-349))?
4
Let b be (-1 - -2) + (-7 + 6 - 17). Let s(c) = -13*c**2 + c**2 - 5*c**3 + 4*c**3 - 6*c**2 + 23 - 17*c. What is the tens digit of s(b)?
2
What is the units digit of 35060 - (-7 - (-15)/(-5 + (-39)/(-6)))?
7
Suppose 73*f - 35938 = 68*f - o, -2*o = f - 7193. Suppose f = 30*b - 32263. What is the units digit of b?
5
Let w(f) be the first derivative of 5*f**3/3 - 19*f**2/2 + 45*f + 37. What is the units digit of w(10)?
5
Let b(d) be the third derivative of -1/24*d**4 - 19*d**2 + 7/6*d**3 + 0 + 0*d - 1/60*d**5. What is the units digit of b(-3)?
1
Let v(g) = 6*g**2 + 83*g - 5578. What is the tens digit of v(103)?
2
Suppose 0 = -5*y - 7*u + 118829, 0 = 3*y + 12*u - 16*u - 71363. What is the hundreds digit of y?
7
Suppose -2*l - 4*n = -6*n - 58326, 3*l + 5*n - 87497 = 0. What is the units digit of l?
4
Let d = -1666 + 4891. What is the tens digit of d?
2
Let b = 278 + -754. Let t = -330 - b. Suppose -5*r + 13 = -12, 0 = -h + 3*r + t. What is the hundreds digit of h?
1
Suppose -12 = 3*r, k = 6*r - 5*r + 8. Suppose -11970 = k*i - 22*i. What is the units digit of i?
5
Let p = 234 - 154. Let y = 78 - p. What is the units digit of y + 0/(-2) + (-2 - -171)?
7
Suppose 1877*p - 2040 = 1865*p. Let s(x) = 7*x**2 + 2*x - 9. Let m be s(6). Let r = m - p. What is the units digit of r?
5
Let s = -69 + 67. Let a be ((-3)/s)/((-11)/22). What is the units digit of 3/((a + 2)*(-4)/60)?
5
Let d(w) = 15*w - 75. Let u be d(5). Let h(b) = -b**2 - 7*b + 998. What is the tens digit of h(u)?
9
What is the hundreds digit of 0/14 + 4757 + -21?
7
Suppose -37*d - 3620 = -47*d. Let x = -200 + d. What is the units digit of x?
2
Let t = -57 - -60. Let k = -123 + t. Let x = -90 - k. What is the tens digit of x?
3
Let a(w) = 77*w**3 - 47*w**2 - 4*w + 25. What is the thousands digit of a(5)?
8
Let g(c) = 9 - 5*c + c - 6*c. Let r(k) = -k**2 + 59*k - 413. Let q be r(8). What is the units digit of g(q)?
9
Let g(h) = -4*h + 46. Let a be g(11). Suppose a*d + 3*b - 298 = -23, 0 = -4*d - 4*b + 556. What is the hundreds digit of d?
1
What is the ten thousands digit of (-4 + 13)/(9*13/216333)?
1
Let u(d) = 18*d + 9891. What is the units digit of u(-154)?
9
Suppose 1107421 = 80*f + 338141. What is the thousands digit of f?
9
Let s(m) be the first derivative of 7*m**3/3 - 17*m**2/2 + 2*m - 64. What is the units digit of s(9)?
6
Let n = -62 - -62. Suppose -3*q + 651 = -n*q. Let b = 328 - q. What is the units digit of b?
1
Suppose 75 = 3*w - 18*w. Let l(u) = 41*u**2 + 5*u + 4. What is the tens digit of l(w)?
0
Let w be (-117)/15 - -8 - 7108/(-10). Suppose w = 2*f - 5*b, f + 2*f + 5*b - 1029 = 0. What is the units digit of f?
8
Suppose -4*j + 2*j = -2*p, -2*j + 5*p - 15 = 0. Suppose -2879 = -5*d - 5*b + 911, 3787 = j*d + 2*b. What is the tens digit of d?
5
Let d = -5668 + 16674. What is the thousands digit of d?
1
Let k = -5984 + 12377. What is the hundreds digit of k?
3
Let q = -4 - -8. Suppose 6 = -6*r + q*r. What is the units digit of 49/(-2)*(r + 1)?
9
Suppose 19*a = 17*a - 438. Let q = a + 366. Suppose -4*x - q = -7*x. What is the tens digit of x?
4
Let o be 8044/9 + 10/45. Suppose o = d + z + 117, 5*d + 2*z = 3891. What is the hundreds digit of d?
7
Let v = -19781 - -57959. What is the thousands digit of v?
8
What is the thousands digit of (-2 - (-1764)/12)/(2/30)?
2
Suppose 2*w + 3*u - 62990 = 31938, 4*u + 47420 = w. What is the thousands digit of w?
7
Let t(d) be the third derivative of d**4/3 - d**3/3 - 10*d**2 - 2. What is the tens digit of t(7)?
5
Suppose -3*g - 2*l - 2*l = -14, l + 8 = 5*g. Suppose -g*u - 548 = -6*u. Suppose 5*a - 193 - u = 0. What is the tens digit of a?
6
Let b = 86 + -87. Let a = -1 - b. Suppose -2*q - w + 424 = a, -3*q + 2*w = -0*w - 643. What is the hundreds digit of q?
2
Suppose 5*m = 5*x + 2855, 0*x - 1145 = -2*m + 5*x. Let n = 1268 - m. What is the hundreds digit of n?
6
Let m(f) = f**3 - 8*f**2 + 12*f - 4. Let d be m(6). What is the tens digit of -4*(d - ((-128)/(-4) + 